*j - 19. Let m(d) = 2*d + 21. Let i be m(-12). What is the hundreds digit of t(i)?
4
Let t = 28424 - -4544. What is the thousands digit of t?
2
Let i(r) be the third derivative of r**6/120 + 13*r**5/30 + 13*r**4/6 - 23*r**3/6 - 81*r**2. What is the units digit of i(-23)?
8
Let q = 24 - 22. Suppose -l = -q - 21. What is the units digit of l?
3
Suppose 690 = 4*f + 22. Let u = 661 - f. What is the units digit of u?
4
What is the hundreds digit of (-8)/(-2)*(-9)/((-288)/23398)*4?
6
Let s = 40490 + -25728. What is the units digit of s?
2
Let s(u) = -u**2 + 5*u + 3. Let k be s(4). Suppose 0 = 3*v + k*v - 5250. What is the tens digit of (1 - (-14)/(-12)) + v/18?
2
What is the hundreds digit of (2 - (136 + -16) - (-2)/(-2))*-1?
1
Let g(l) = 35*l - 19. Suppose 0 = 30*q - 27*q - 24. What is the units digit of g(q)?
1
Let k be ((-35)/(-3) - 4/(-12))*-1. Let t(d) = -5*d - 3 + 36 + 4. What is the units digit of t(k)?
7
Let k(o) = o - 22. Let j be k(15). What is the hundreds digit of 2*(-2 - j/((-28)/(-1014)))?
5
Let q = -53 + 81. Suppose -143*j = -136*j - q. What is the units digit of j?
4
Let c(j) = -37*j**3 - 8*j**2 - 15*j - 95. What is the hundreds digit of c(-6)?
6
Let r = -83 - -180. Suppose 0 = 26*k - 25*k - r. Suppose -3*i = -3*f - 286 + 40, 4*f = -i + k. What is the tens digit of i?
8
Let b(s) = 4*s**2 + 3*s - 21. Let l be ((-2)/14*-6)/((-1)/(-7)). What is the hundreds digit of b(l)?
1
Let l(z) = -140 + 4*z**2 + 74 + 3*z - 4*z. What is the units digit of l(11)?
7
Let p(s) = s**3 - 12*s**2 - 28*s. Let q be p(14). Suppose q = 4*j + 12*j - 4384. What is the hundreds digit of j?
2
Suppose -5*a + 11782 = 3*v, 5*a - 95*v + 100*v = 11780. What is the thousands digit of a?
2
Suppose -8*t + 22*t - 14 = 0. What is the tens digit of 3/t - (5 + -11 + -148)?
5
Suppose 0 = 5*b + 5*u - 30, 2*b + 6*u - 3*u - 14 = 0. Suppose -5*t = -b*x - 103, 0 = 4*t + 3*x - x - 72. Let c = 135 - t. What is the hundreds digit of c?
1
Suppose 238*b - 103586 - 3395252 = 0. What is the thousands digit of b?
4
Let n(d) = d**2 + 7*d + 5. Let i be n(-7). Let b(z) = -i - 2 - 5*z + z - 2. What is the units digit of b(-15)?
1
Let c = -2164 - -4963. What is the units digit of c?
9
Let k = -7603 - -13768. What is the units digit of k?
5
Let l = -41049 - -131567. What is the thousands digit of l?
0
Suppose -4*a + 1929 + 3867 = -2*p, -5*a + 7227 = 2*p. What is the thousands digit of a?
1
Let v(j) = 238*j**2 - 6*j + 14. What is the thousands digit of v(6)?
8
Suppose -34*j = -30*j + p - 21910, 0 = 2*p + 12. What is the thousands digit of j?
5
Suppose -o = -5*x - 817, 9*o - 2*x + 4193 = 14*o. Let i = o + -406. What is the tens digit of i?
3
Let k(f) = 51*f**3 - 16*f**2 + 18*f + 134. What is the ten thousands digit of k(9)?
3
Let a(u) be the first derivative of 603*u**4/4 - u**3 + 2*u**2 - 3*u - 113. What is the tens digit of a(1)?
0
What is the units digit of (-36 + 665)/((-45)/24 + 2)?
2
Let h = 74 - 196. Let g = 236 + h. Suppose 0*q + g = 2*q. What is the tens digit of q?
5
Suppose -4*t = s - 479, 3*t = 3*s + 135 + 228. Let v = 122 - t. What is the units digit of (-2 - v) + (22 - -14)?
2
Let h(f) = 10*f**3 + 19*f**2 - 22*f - 31. Let c(m) = -23*m**3 - 37*m**2 + 46*m + 62. Let w(q) = 3*c(q) + 7*h(q). What is the hundreds digit of w(-22)?
3
Suppose 2*v + 13*c - 4*c - 134811 = 0, -3*c = v - 67419. What is the ten thousands digit of v?
6
Let j(h) = -4*h - 23. Let n be j(-7). Let q(p) = 10*p - 27. What is the units digit of q(n)?
3
Suppose 5 = -4*c + 9*c. Let h be c + 2/(-2) - -2. Suppose o - 3*o = -h. What is the units digit of o?
1
Let g(m) = 68 - m - 29 + 3*m. Let l be g(-14). Suppose -l*t = -1925 - 726. What is the hundreds digit of t?
2
Let l(f) = 36*f. Let h be l(2). Let y = 72 - h. Suppose y = 2*k - 45 - 231. What is the tens digit of k?
3
Let v be ((-6)/(-2))/(-6) - (-505)/2. Suppose 4*p = 3*o + 250, -4*p = 2*o - 6*o - v. Suppose 3*d - 8 = p. What is the tens digit of d?
2
Suppose -597228 - 932500 = -64*x. What is the units digit of x?
2
Let i(w) = 203*w**2 - 19*w + 117. What is the tens digit of i(7)?
3
What is the ten thousands digit of (((-1950)/(-117))/((-8)/3))/((-1)/2260)?
1
Suppose -3*w - 5*b + 8178 = 0, -87*w - 4*b = -83*w - 10920. What is the units digit of w?
6
Let a(n) = 528*n**2 - 390*n + 3485. What is the tens digit of a(9)?
4
Let j = 23734 + -13112. What is the thousands digit of j?
0
Let s be 2/(-12) + (-208)/(-96). Suppose 0 = -h + s*h - 496. Let g = h - 284. What is the tens digit of g?
1
Let f(d) = d**2 + 26*d + 54. Let x be f(-23). Let p(c) = c**2 - 7*c - 18. What is the tens digit of p(x)?
1
Suppose -18 = -3*l + 6*v - 5*v, 2*l - v = 13. Suppose s = -4*u + 849 - 288, 2*s = l*u + 1096. What is the hundreds digit of s?
5
Suppose -10*a = -6*a - 20, i + 860 = 4*a. Let s = -252 - i. What is the hundreds digit of s?
5
Let f be (-4)/(-14) + 142*72/(-112). What is the tens digit of 2*(14/f - 5061/(-26))?
8
Suppose r + 4*c + 26 = 0, 7*r + 4*c = 10*r - 2. What is the hundreds digit of (3356/r)/((-18)/27)?
8
Let l = -168 + 208. Suppose 43*d - l*d - 861 = 0. What is the tens digit of d?
8
Suppose -33*u = -104*u - 29*u + 2247200. What is the ten thousands digit of u?
2
Let m(d) = -17*d**2 + 466*d + 20. What is the units digit of m(12)?
4
Suppose 4317 + 3145 = 6*p - 11702. What is the units digit of p?
4
Suppose 14*d - t = 18*d - 12, -2*d + 3*t - 8 = 0. What is the tens digit of (-1 - (-1283)/d) + 15/(-10)?
3
Let j(t) = 693*t + 7. Let r be j(5). Let z be r/42*3*5/2. Suppose -z = -9*g + 5*g. What is the hundreds digit of g?
1
What is the tens digit of ((-5193)/(-5))/((-1200)/(-32000))?
9
Suppose -42*a + 787625 = -105295. What is the ten thousands digit of a?
2
Let q = -186 + 188. What is the units digit of ((-5)/10*-2)/(q/294)?
7
Suppose -53*l + 1696 + 21836 = 0. What is the tens digit of l?
4
Let s(x) = x**2 - 13*x + 754. What is the thousands digit of s(-67)?
6
Let m = -15 - -24. Suppose -b = m*b - 1210. Suppose -2*v + 6*v - 94 = -y, y - b = 5*v. What is the units digit of y?
6
Suppose 3*m - 300 = -4*f, -5*f - 6*m + 3*m + 375 = 0. Suppose q = 5*r + f, 3*r = -2*q + 8*r + 165. What is the tens digit of q?
9
Suppose -137932 = -188*c + 871248 + 1286300. What is the hundreds digit of c?
2
Let a(v) = 55*v**2 + 120*v - 565. What is the units digit of a(5)?
0
Let c = -6141 + 36428. What is the hundreds digit of c?
2
Let i(b) = 7*b + 2*b**2 - 2*b - 51 - 8*b. What is the hundreds digit of i(-8)?
1
Let a be 2/(-6 - (-7)/1). Suppose -t = -a*s + 4*t + 751, 0 = -4*s + t + 1529. What is the units digit of s?
3
Let p(v) be the first derivative of -7 + 0*v**2 + 1/4*v**4 + 13*v - 10/3*v**3. What is the units digit of p(10)?
3
Let j(p) = p**2 + 17*p + 89. Let g be j(-32). Let a = -321 + g. What is the tens digit of a?
4
Let i = 53240 + -35293. What is the units digit of i?
7
What is the hundreds digit of ((-624)/(-60) - 14/35) + 35340?
3
Let h(l) = 3*l**2 + 46*l - 116. Let p(n) = 2*n**2 + 43*n - 115. Let x(y) = 4*h(y) - 5*p(y). What is the units digit of x(-18)?
7
Suppose -2*h - 13 = 3. Let g = -44 - h. What is the tens digit of (-1)/(-6) + (-2298)/g?
6
Suppose -5*m + 362 = q - 143, -q + 202 = 2*m. Suppose -5*h + 7 = -3*c, 2*h + 9*c = 13*c. Let u = h + m. What is the tens digit of u?
0
Let t be (-500)/(-8) - 1 - 2/4. Suppose t*l - 58512 = 8*l. What is the hundreds digit of l?
1
Let d be 2*-3 + 14 + -9. Let m be 3 + d + 0 - (18 + -10). Let k(n) = -41*n - 2. What is the tens digit of k(m)?
4
Let a(r) = r**3 - 14*r**2 - 18*r - 13. Let k be a(16). Suppose -k = 5*b - 1606. What is the hundreds digit of b?
2
Let m = -80 + 82. Let y be 0 + -3 + m + -38. Let f = 9 - y. What is the tens digit of f?
4
Let i = 23 - -109. Suppose 32*t - i = 28*t. Suppose -n - 4*g + t = -39, n - 4*g - 40 = 0. What is the tens digit of n?
5
Let h(k) = 374*k**2 - 29*k + 83. What is the hundreds digit of h(5)?
2
Let o(n) = -2*n**2 - 20*n - 14. Let t(j) = 2*j + 27. Let z be t(-18). Let s be o(z). Suppose -s*d + 1116 = 2*d. What is the hundreds digit of d?
1
Let q(s) = -13*s + 7. Let t be (5 + -13)*1/2. Let m be q(t). Let y = m - -48. What is the tens digit of y?
0
Suppose -9*p + 3532 = 3*v - 7*p, -5896 = -5*v - p. What is the tens digit of v?
8
Suppose -3*w = -4*c + 14 + 17, 26 = 4*c - 2*w. Let z be -29 - (c + -3 - -3). Let u = -29 -